{"id":159,"date":"2022-08-03T21:58:59","date_gmt":"2022-08-03T18:58:59","guid":{"rendered":"http:\/\/gelenektengelecegebby.karatekin.edu.tr\/?page_id=159"},"modified":"2023-09-22T14:50:28","modified_gmt":"2023-09-22T11:50:28","slug":"committees","status":"publish","type":"page","link":"https:\/\/sempozyum2023.karatekin.edu.tr\/?page_id=159&lang=en","title":{"rendered":"Committees"},"content":{"rendered":"\n<h4 class=\"wp-block-heading\"><strong>Organising Institutions<\/strong><\/h4>\n\n\n\n<p>Bart\u0131n University, T\u00fcrkiye<br>\u00c7ank\u0131r\u0131 Karatekin University, T\u00fcrkiye<br>Kastamonu University, T\u00fcrkiye<\/p>\n\n\n\n<h4 class=\"wp-block-heading\"><strong>Honorary Board<\/strong><\/h4>\n\n\n\n<p>Prof. Dr. Harun \u00c7\u0130FT\u00c7\u0130 (Rector\/ \u00c7ank\u0131r\u0131 Karatekin University, T\u00fcrkiye)<br>Prof. Dr. Orhan UZUN (Rector\/ Bart\u0131n University, T\u00fcrkiye)<br>Prof. Dr. Ahmet Hamdi TOPAL (Rector\/ Kastamonu University, T\u00fcrkiye)<br>Ali ODABA\u015e (Deputy General Manager \/ Ministry of Culture and Tourism, Turkish General Directorate of Libraries and Publications, T\u00fcrkiye)<\/p>\n\n\n\n<h4 class=\"wp-block-heading\"><strong>Symposium Executive Committee<\/strong><\/h4>\n\n\n\n<p>Prof. Dr. Hasan S. KESERO\u011eLU (Kastamonu University, T\u00fcrkiye)<br>Prof. Dr. Co\u015fkun POLAT (\u00c7ank\u0131r\u0131 Karatekin University, T\u00fcrkiye)<br>Assoc. Prof. Ahmet ALTAY (Bart\u0131n University, T\u00fcrkiye)<br><\/p>\n\n\n\n<p><strong>Symposium Organizing Committee<\/strong><\/p>\n\n\n\n<p>Assoc. Prof. Ahmet ALTAY (Bart\u0131n University, T\u00fcrkiye)<br>Assoc. Prof. Burcu Umut ZAN (\u00c7ank\u0131r\u0131 Karatekin University, T\u00fcrkiye)<br>Assoc. Prof. G\u00fcler DEM\u0130R (Kastamonu University, T\u00fcrkiye)<br>Assoc. Prof. Kas\u0131m B\u0130N\u0130C\u0130 (\u00c7ank\u0131r\u0131 Karatekin University, T\u00fcrkiye)<br>Asst. Prof. \u00c7a\u011fda\u015f \u00c7APKIN (\u00c7ank\u0131r\u0131 Karatekin University, T\u00fcrkiye)<br>Asst. Prof. Hasan SEVMEZ (\u00c7ank\u0131r\u0131 Karatekin University, T\u00fcrkiye)<br>Asst. Prof. Lale \u00d6ZDEM\u0130R \u015eAH\u0130N (Bart\u0131n University, T\u00fcrkiye)<br>Res. Asst. Ertu\u011frul Burak ERO\u011eLU (\u00c7ank\u0131r\u0131 Karatekin University, T\u00fcrkiye)<br>Res. Asst. Hasan \u00d6ZT\u00dcRK (Bart\u0131n University, T\u00fcrkiye)<br>Res. Asst. \u0130lker \u00c7AKMAKKAYA (Kastamonu University, T\u00fcrkiye)<br>Res. Asst. Pelin KARCI KANDEM\u0130R (\u00c7ank\u0131r\u0131 Karatekin University, T\u00fcrkiye)<br>Res. Asst. Zarife YILDIRIM MERCAN (\u00c7ank\u0131r\u0131 Karatekin University, T\u00fcrkiye)<br>Hac\u0131 Ali ATAR&nbsp;(\u00c7ank\u0131r\u0131 Karatekin University, T\u00fcrkiye)<\/p>\n\n\n\n<h4 class=\"wp-block-heading\"><strong>Scientific<\/strong> <strong>Committee<\/strong><\/h4>\n\n\n\n<p>Prof. Dr. Alpaslan Kuzucuo\u011flu (\u0130stanbul Medeniyet University, T\u00fcrkiye)<br>Prof. Dr. Asiye Kak\u0131rman Y\u0131ld\u0131z (Marmara University, T\u00fcrkiye)<br>Prof. Dr. Alemdar Bayramov (Bak\u0131 D\u00f6vl\u0259t Universiteti, Azerbaijan)<br>Prof. Dr. Berat Bir (Marmara University, T\u00fcrkiye)<br>Prof. Dr. Burhanettin Aykut Ar\u0131kan (T\u00fcrk Alman University, T\u00fcrkiye)<br>Prof. Dr. B\u00fclent Y\u0131lmaz (Hacettepe University, T\u00fcrkiye)<br>Prof. Dr. Co\u015fkun Polat (\u00c7ank\u0131r\u0131 Karatekin University, T\u00fcrkiye)<br>Prof. Dr. Do\u011fan At\u0131lgan (Ankara University, T\u00fcrkiye)<br>Prof. Dr. Erol Y\u0131lmaz (K\u0131r\u0131kkale University, T\u00fcrkiye)<br>Prof. Dr. Fahrettin \u00d6zdemirci (Ankara University, T\u00fcrkiye)<br>Prof. Dr. Fatih Rukanc\u0131 (Ankara University, T\u00fcrkiye)<br>Prof. Dr. Fato\u015f Suba\u015f\u0131o\u011flu (Ankara University, T\u00fcrkiye)<br>Prof. Dr. Hakan Anameri\u00e7 (Ankara University, T\u00fcrkiye)<br>Prof. Dr. Hamza Kandur (Antalya Bilim University, T\u00fcrkiye)<br>Prof. Dr. Hatice \u0130nci \u00d6nal (Hacettepe University, T\u00fcrkiye)<br>Prof. Dr. Hasan S. Kesero\u011flu (Kastamonu University, T\u00fcrkiye)<br>Prof. Dr. H\u00fcseyin Odaba\u015f (\u00c7ank\u0131r\u0131 Karatekin University, T\u00fcrkiye)<br>Prof. Dr. Ivanka Yankova (UNIBIT, Bulgaria)<br>Prof. Dr. \u0130shak Keskin (\u0130stanbul University, T\u00fcrkiye)<br>Prof. Dr. Kemalettin Kuzucu (Marmara University, T\u00fcrkiye)<br>Prof. Dr. Malgorzata Fedorowicz-Kruszewska (Nicolaus Copernicus University, Poland)<br>Prof. Dr. Mauro Guerrini\u00a0(University of\u00a0Florence, Italy)<br>Prof. Dr. Mehmet Ali Akkaya (\u0130zmir K\u00e2tip \u00c7elebi University, T\u00fcrkiye)<br>Prof. Dr. Milena Dobreva (Sofia University, Bulgaria)<br>Prof. Dr. Murat Y\u0131lmaz (\u0130stanbul University, T\u00fcrkiye)<br>Prof. Dr. Nevzat \u00d6zel (Ankara University, T\u00fcrkiye)<br>Prof. Dr. Niyazi \u00c7i\u00e7ek (\u0130stanbul University, T\u00fcrkiye)<br>Prof. Dr. Oya G\u00fcrdal (Ankara University, T\u00fcrkiye)<br>Prof. Dr. \u00d6zg\u00fcr K\u00fclc\u00fc (Hacettepe University, T\u00fcrkiye)<br>Prof. Dr. R\u0131fat G\u00fcnalan (\u0130stanbul University, T\u00fcrkiye)<br>Prof. Dr. Sacit Arslantekin (Ankara University, T\u00fcrkiye)<br>Prof. Dr. Saime \u00d6zlem G\u00f6kkurt Demirtel (\u0130zmir K\u00e2tip \u00c7elebi University, T\u00fcrkiye)<br>Prof. Dr. Suliman Hawamdeh (University of North Texas, USA)<br>Prof. Dr. Tania Todorova (UNIBIT, Bulgaria)<br>Prof. Dr. Tomasz Kruszewski (Nicolaus Copernicus University, Poland)<br>Prof. Dr. Toni Samek (Alberta University, Canada)<br>Prof. Dr. T\u00fclay O\u011fuz (Ankara University, T\u00fcrkiye)<br>Prof. Dr. \u00dcmit Konya (\u0130stanbul University, T\u00fcrkiye)<br>Assoc. Prof. Ahmet ALTAY (Bart\u0131n University, T\u00fcrkiye)<br>Assoc. Prof. Bahattin Yal\u00e7\u0131nkaya (Marmara University, T\u00fcrkiye)<br>Assoc. Prof. Burcu Umut Zan (\u00c7ank\u0131r\u0131 Karatekin University, T\u00fcrkiye)<br>Assoc. Prof. G\u00fcler Demir (Kastamonu University, T\u00fcrkiye)<br>Assoc. Prof. G\u00fclten Al\u0131r Derbent (\u0130zmir K\u00e2tip \u00c7elebi University, T\u00fcrkiye)<br>Assoc. Prof. Hamid Dervi\u015f (Kastamonu University, T\u00fcrkiye)<br>Assoc. Prof. Hilal \u00c7ift\u00e7i (\u00c7ank\u0131r\u0131 Karatekin University, T\u00fcrkiye)<br>Assoc. Prof. Huriye \u00c7olaklar (Bart\u0131n University, T\u00fcrkiye)<br>Assoc. Prof. Kas\u0131m Binici (\u00c7ank\u0131r\u0131 Karatekin University, T\u00fcrkiye)<br>Assoc. Prof. Kenan Y\u0131ld\u0131z (\u0130stanbul Medeniyet University, T\u00fcrkiye)<br>Assoc. Prof. Mariola Antczak (University of Lodz, Poland)<br>Assoc. Prof. Mehlika Karag\u00f6zo\u011flu Asl\u0131y\u00fcksek (Marmara University, T\u00fcrkiye)<br>Assoc. Prof. Mustafa Bayter (Ankara Y\u0131ld\u0131r\u0131m Beyaz\u0131t University, T\u00fcrkiye)<br>Assoc. Prof. Parviz F. Kaz\u0131mi (Bak\u00fc Devlet University, Azerbaijan)<br>Assoc. Prof. Pervin Bezirci (\u0130stanbul University, T\u00fcrkiye)<br>Assoc. Prof. Semanur \u00d6ztemiz (Hacettepe University, T\u00fcrkiye)<br>Assoc. Prof. \u015eahika\u00a0Ero\u011flu (Hacettepe University, T\u00fcrkiye)<br>Assoc. Prof. Tolga \u00c7akmak (Hacettepe University, T\u00fcrkiye)<br>Assoc. Prof. Zehra Ta\u015fk\u0131n (Hacettepe University, T\u00fcrkiye)<br>Asst. Prof. Banu Fulya Y\u0131ld\u0131r\u0131m (\u0130stanbul 29 May\u0131s University, T\u00fcrkiye)<br>Asst. Prof. Berrin Balka\u015f Y\u0131lmaz (\u0130stanbul 29 May\u0131s University, T\u00fcrkiye)<br>Asst. Prof. Buket Candan (\u00c7ank\u0131r\u0131 Karatekin University, T\u00fcrkiye)<br>Asst. Prof. \u00c7a\u011fda\u015f \u00c7apk\u0131n (\u00c7ank\u0131r\u0131 Karatekin University, T\u00fcrkiye)<br>Asst. Prof. Demet I\u015f\u0131k (Ankara University, T\u00fcrkiye)<br>Asst. Prof. Elif Y\u0131lmaz \u015eent\u00fcrk (Marmara University, T\u00fcrkiye)<br>Asst. Prof. Elisaveta Tsetkova (UNIBIT, Bulgaria)<br>Asst. Prof. Esin Sultan O\u011fuz (Ankara Y\u0131ld\u0131r\u0131m Beyaz\u0131t University, T\u00fcrkiye)<br>Asst. Prof. Esma Fat\u0131ma Bilgin Ta\u015fdemir (Medeniyet University, T\u00fcrkiye)<br>Asst. Prof. Gizem G\u00fcltekin-V\u00e1rkonyi (Szeged \u00dcniversity, Hungary)<br>Asst. Prof. Hasan Sevmez (\u00c7ank\u0131r\u0131 Karatekin University, T\u00fcrkiye)<br>Asst. Prof. Lale \u00d6zdemir \u015eahin (Bart\u0131n University, T\u00fcrkiye)<br>Asst. Prof. Levent Kutlut\u00fcrk (\u0130zmir K\u00e2tip \u00c7elebi University, T\u00fcrkiye)<br>Asst. Prof. Mehmet Fahri Furat (\u0130stanbul University, T\u00fcrkiye)<br>Asst. Prof. Mehmet Kemal Sevgisunar (Kastamonu University, T\u00fcrkiye)<br>Asst. Prof. Mithat Baver Zencir (\u0130zmir K\u00e2tip \u00c7elebi University, T\u00fcrkiye)<br>Asst. Prof. Neslihan Er Ko\u00e7o\u011flu (Ankara University, T\u00fcrkiye)<br>Asst. Prof. Nuri Ta\u015fk\u0131n (\u0130stanbul Medeniyet University, T\u00fcrkiye)<br>Asst. Prof. \u00d6mer Dalk\u0131ran (Kastamonu University, T\u00fcrkiye)<br>Asst. Prof. \u00d6zg\u00fcr Polat (\u0130zmir K\u00e2tip \u00c7elebi University, T\u00fcrkiye)<br>Asst. Prof. \u00d6zlem \u015eenyurt (Ardahan University, T\u00fcrkiye)<br>Asst. Prof. S\u00fcmeyye Ak\u00e7a (Marmara University, T\u00fcrkiye)<br>Asst. Prof. Varol Saydam (Marmara University, T\u00fcrkiye)<br>Asst. Prof. Yusuf Yal\u00e7\u0131n (Do\u011fu\u015f University, T\u00fcrkiye)<br>Dr. \u00c1gnes Hajdu Bar\u00e1t (University of Szeged, Hungary)<br>Dr. Albert K. Boekhorst (University of Pretoria, South Africa)<br>Dr. Aleksandra Adzic (Graduated Library Advisor Head of Department for the development of Digital Libraries and Information Technology, Library of Ni\u0161, Serbia)<br>Dr. Ana L\u00facia Terra (Polytechnic University of Porto, Portugal)<br>Dr. Claudio Gnoli (Pavia University, Italy)<br>Dr. Grzegorz Czapnik (University of Lodz, Poland)<\/p>\n","protected":false},"excerpt":{"rendered":"<p>Organising Institutions Bart\u0131n University, T\u00fcrkiye\u00c7ank\u0131r\u0131 Karatekin University, T\u00fcrkiyeKastamonu University, T\u00fcrkiye Honorary Board Prof. Dr. Harun \u00c7\u0130FT\u00c7\u0130 (Rector\/ \u00c7ank\u0131r\u0131 Karatekin University, T\u00fcrkiye)Prof. Dr. Orhan UZUN (Rector\/ Bart\u0131n University, T\u00fcrkiye)Prof. Dr. Ahmet Hamdi TOPAL (Rector\/ Kastamonu University, T\u00fcrkiye)Ali ODABA\u015e (Deputy General Manager \/ Ministry of Culture and &hellip; <\/p>\n","protected":false},"author":1,"featured_media":0,"parent":0,"menu_order":0,"comment_status":"closed","ping_status":"closed","template":"","meta":{"footnotes":""},"class_list":["post-159","page","type-page","status-publish","hentry"],"_links":{"self":[{"href":"https:\/\/sempozyum2023.karatekin.edu.tr\/index.php?rest_route=\/wp\/v2\/pages\/159","targetHints":{"allow":["GET"]}}],"collection":[{"href":"https:\/\/sempozyum2023.karatekin.edu.tr\/index.php?rest_route=\/wp\/v2\/pages"}],"about":[{"href":"https:\/\/sempozyum2023.karatekin.edu.tr\/index.php?rest_route=\/wp\/v2\/types\/page"}],"author":[{"embeddable":true,"href":"https:\/\/sempozyum2023.karatekin.edu.tr\/index.php?rest_route=\/wp\/v2\/users\/1"}],"replies":[{"embeddable":true,"href":"https:\/\/sempozyum2023.karatekin.edu.tr\/index.php?rest_route=%2Fwp%2Fv2%2Fcomments&post=159"}],"version-history":[{"count":26,"href":"https:\/\/sempozyum2023.karatekin.edu.tr\/index.php?rest_route=\/wp\/v2\/pages\/159\/revisions"}],"predecessor-version":[{"id":18906,"href":"https:\/\/sempozyum2023.karatekin.edu.tr\/index.php?rest_route=\/wp\/v2\/pages\/159\/revisions\/18906"}],"wp:attachment":[{"href":"https:\/\/sempozyum2023.karatekin.edu.tr\/index.php?rest_route=%2Fwp%2Fv2%2Fmedia&parent=159"}],"curies":[{"name":"wp","href":"https:\/\/api.w.org\/{rel}","templated":true}]}}